{"id":1193,"date":"2008-10-14T00:00:51","date_gmt":"2008-10-13T23:00:51","guid":{"rendered":"http:\/\/www.ticmais.pt\/?page_id=1193"},"modified":"2025-04-24T01:28:36","modified_gmt":"2025-04-24T00:28:36","slug":"apresentacao","status":"publish","type":"page","link":"https:\/\/www.ticmais.pt\/?page_id=1193","title":{"rendered":"Apresenta\u00e7\u00e3o"},"content":{"rendered":"<table class=\"readon\" style=\"text-align: justify; width: 100%;\" border=\"0\" cellspacing=\"5\" cellpadding=\"5\" align=\"justify\">\n<tbody>\n<tr>\n<td valign=\"top\">\n<p style=\"text-align: justify;\">O desafio para a constru\u00e7\u00e3o deste site foi grande, o trabalho foi muito, mas a causa \u00e9 bem maior:<\/p>\n<p style=\"text-align: center;\"><span style=\"color: #800000;\">&#8220;A sociedade do conhecimento, ao servi\u00e7o do saber das pessoas e da sua qualidade de vida&#8221;<\/span><\/p>\n<p style=\"text-align: justify;\">Perante t\u00e3o ambiciosa causa em prol do saber, dedico este site \u00e0 mem\u00f3ria de <a href=\"http:\/\/pt.wikipedia.org\/wiki\/Jos%C3%A9_Labaredas\" target=\"_blank\" rel=\"noopener noreferrer\">Jos\u00e9 Labaredas<\/a> &#8211; homem de qualidades maiores: sabedor, coerente, generoso e solid\u00e1rio em todos os momentos. Al\u00e9m disso, ainda fez o favor de ser meu amigo.<\/p>\n<p style=\"text-align: justify;\">Daqui, deste espa\u00e7o, quero dizer-te:<\/p>\n<p>&nbsp;<\/p>\n<p><img decoding=\"async\" class=\"aligncenter\" src=\"https:\/\/www.ticmais.pt\/ticmais\/imagens\/Jose%20Labaredas,%20nasceu%20no%20Couco%20a%2012%20de%20Janeiro%20de%201946.jpg\" \/><\/p>\n<p>&nbsp;<\/p>\n<p style=\"text-align: center;\"><strong>Amigos como tu n\u00e3o se esquecem;<\/strong><br \/>\n<strong>Imortalizam-se.<\/strong><br \/>\n<strong>E tu, para mim, \u00e9s imortal.<\/strong><\/p>\n<p style=\"text-align: center;\">Ant\u00f3nio Pinheiro da Costa<a href=\"http:\/\/www.i-gov.org\/index.php?article=1842&amp;visual=2&amp;id=47&amp;subject=131\" target=\"_blank\" rel=\"noopener noreferrer\"><br \/>\n<\/a><\/p>\n<p>&nbsp;<\/p>\n<p>&nbsp;<\/p>\n<p><span style=\"color: #800000;\">\u00a0\u00a0O que \u00e9 o &#8220;ticMAIS&#8221;?<\/span><\/p>\n<p style=\"text-align: justify;\"><a href=\"https:\/\/www.ticmais.pt\/?p=1234\">O &#8220;ticMAIS&#8221; (Movimento E-Coruche), \u00e9 um Movimento de Cidadania<\/a>, composto por cidad\u00e3os do concelho de Coruche, que defendem um modelo de desenvolvimento sustent\u00e1vel para o concelho, e pretendem, por essa via, participar na valoriza\u00e7\u00e3o do concelho no \u00e2mbito da SOCIEDADE DO CONHECIMENTO\/DA INFORMA\u00c7AO E DO AMBIENTE (aqui com especial destaque para as energias renov\u00e1veis com impacto ben\u00e9fico para o ambiente).<\/p>\n<\/td>\n<\/tr>\n<\/tbody>\n<\/table>\n","protected":false},"excerpt":{"rendered":"<p>O desafio para a constru\u00e7\u00e3o deste site foi grande, o trabalho foi muito, mas a causa \u00e9 bem maior: &#8220;A sociedade do conhecimento, ao servi\u00e7o do saber das pessoas e da sua qualidade de vida&#8221; Perante t\u00e3o ambiciosa causa em prol do saber, dedico este site \u00e0 mem\u00f3ria de Jos\u00e9 Labaredas &#8211; homem de qualidades [&hellip;]<\/p>\n","protected":false},"author":1,"featured_media":0,"parent":0,"menu_order":0,"comment_status":"closed","ping_status":"open","template":"","meta":{"footnotes":""},"class_list":["post-1193","page","type-page","status-publish","hentry"],"_links":{"self":[{"href":"https:\/\/www.ticmais.pt\/index.php?rest_route=\/wp\/v2\/pages\/1193","targetHints":{"allow":["GET"]}}],"collection":[{"href":"https:\/\/www.ticmais.pt\/index.php?rest_route=\/wp\/v2\/pages"}],"about":[{"href":"https:\/\/www.ticmais.pt\/index.php?rest_route=\/wp\/v2\/types\/page"}],"author":[{"embeddable":true,"href":"https:\/\/www.ticmais.pt\/index.php?rest_route=\/wp\/v2\/users\/1"}],"replies":[{"embeddable":true,"href":"https:\/\/www.ticmais.pt\/index.php?rest_route=%2Fwp%2Fv2%2Fcomments&post=1193"}],"version-history":[{"count":0,"href":"https:\/\/www.ticmais.pt\/index.php?rest_route=\/wp\/v2\/pages\/1193\/revisions"}],"wp:attachment":[{"href":"https:\/\/www.ticmais.pt\/index.php?rest_route=%2Fwp%2Fv2%2Fmedia&parent=1193"}],"curies":[{"name":"wp","href":"https:\/\/api.w.org\/{rel}","templated":true}]}}

Apresentação

<table class="readon" style="text-align: justify; width: 100%;" border="0" cellspacing="5" cellpadding="5" align="justify">
<tbody>
<tr>
<td valign="top">
<p style="text-align: justify;">O desafio para a construção deste site foi grande, o trabalho foi muito, mas a causa é bem maior:</p>
<p style="text-align: center;"><span style="color: #800000;">&#8220;A sociedade do conhecimento, ao serviço do saber das pessoas e da sua qualidade de vida&#8221;</span></p>
<p style="text-align: justify;">Perante tão ambiciosa causa em prol do saber, dedico este site à memória de <a href="http://pt.wikipedia.org/wiki/Jos%C3%A9_Labaredas" target="_blank" rel="noopener noreferrer">José Labaredas</a> &#8211; homem de qualidades maiores: sabedor, coerente, generoso e solidário em todos os momentos. Além disso, ainda fez o favor de ser meu amigo.</p>
<p style="text-align: justify;">Daqui, deste espaço, quero dizer-te:</p>
<p>&nbsp;</p>
<p><img decoding="async" class="aligncenter" src="https://www.ticmais.pt/ticmais/imagens/Jose%20Labaredas,%20nasceu%20no%20Couco%20a%2012%20de%20Janeiro%20de%201946.jpg" /></p>
<p>&nbsp;</p>
<p style="text-align: center;"><strong>Amigos como tu não se esquecem;</strong><br />
<strong>Imortalizam-se.</strong><br />
<strong>E tu, para mim, és imortal.</strong></p>
<p style="text-align: center;">António Pinheiro da Costa<a href="http://www.i-gov.org/index.php?article=1842&amp;visual=2&amp;id=47&amp;subject=131" target="_blank" rel="noopener noreferrer"><br />
</a></p>
<p>&nbsp;</p>
<p>&nbsp;</p>
<p><span style="color: #800000;">  O que é o &#8220;ticMAIS&#8221;?</span></p>
<p style="text-align: justify;"><a href="https://www.ticmais.pt/?p=1234">O &#8220;ticMAIS&#8221; (Movimento E-Coruche), é um Movimento de Cidadania</a>, composto por cidadãos do concelho de Coruche, que defendem um modelo de desenvolvimento sustentável para o concelho, e pretendem, por essa via, participar na valorização do concelho no âmbito da SOCIEDADE DO CONHECIMENTO/DA INFORMAÇAO E DO AMBIENTE (aqui com especial destaque para as energias renováveis com impacto benéfico para o ambiente).</p>
</td>
</tr>
</tbody>
</table>

<p>O desafio para a construção deste site foi grande, o trabalho foi muito, mas a causa é bem maior: &#8220;A sociedade do conhecimento, ao serviço do saber das pessoas e da sua qualidade de vida&#8221; Perante tão ambiciosa causa em prol do saber, dedico este site à memória de José Labaredas &#8211; homem de qualidades [&hellip;]</p>
